 142274. Calculate the remainder when q is divided by 29.
11
Suppose -55*y + 59*y = 44. Let w be (y/3)/(15/135). Let o = w + -12. Calculate the remainder when 41 is divided by o.
20
Let y be -1*(4 - 0 - 4). Suppose y = -2*p - 3*p + 375. Calculate the remainder when p is divided by 6.
3
Suppose 3*i + 5*c - 72 = 0, 3*i - 10*c - 66 = -13*c. Let t(k) = 4*k**2 + 5*k - 3. What is the remainder when t(3) is divided by i?
10
Calculate the remainder when ((-12)/(-9))/((-96)/(-12456)) is divided by 90.
83
Let k(p) = -11*p + 64. Let u be k(8). Calculate the remainder when 77 is divided by (-40)/u*6*4.
37
Suppose 19*r = 28*r - 352 - 116. What is the remainder when 281 is divided by r?
21
Let x = 74 - -113. Let p(b) be the first derivative of b**4/2 - 2*b**3 + 3*b**2/2 - 6*b - 5. Calculate the remainder when x is divided by p(4).
35
Let b = 17418 - 17355. What is the remainder when 690 is divided by b?
60
Suppose 42*v - 77*v + 428 = 72*v. Suppose -m + 2*m + 4*j + 7 = 0, j = 0. Let l = m + 11. What is the remainder when v is divided by l?
0
Suppose 6*f - 32 = 2*f + 5*c, 4*c = 4*f - 32. Let g(k) = -k**2 - 2*k - 8. Let q be g(0). Let b = q - -11. Calculate the remainder when f is divided by b.
2
Suppose 0 = -4*i + 11*w + 4, 5*i - 4*w + 0*w = 44. Calculate the remainder when 14 is divided by i.
2
Let v(m) be the first derivative of m**2 + 44*m - 12. Let i be v(-22). Suppose i = 3*z + 36 - 198. Calculate the remainder when z is divided by 8.
6
Suppose g - 243 = -3*m, g - 379 + 131 = -2*m. Calculate the remainder when g is divided by ((-671)/122)/((-1)/12).
60
Let y = 4818 - 4765. Calculate the remainder when 214 is divided by y.
2
Let j(m) = -38*m - 106. What is the remainder when 484 is divided by j(-7)?
4
Let k(g) = 622*g + 1357. Calculate the remainder when 2481 is divided by k(-2).
108
Let u(r) = r**3 + 3*r**2 - 3*r - 1. Suppose -10*l - 3 = -9*l. Calculate the remainder when (3 - (-94 - l)) + 4 is divided by u(-2).
8
Let s = -118 - -123. Suppose 80 = 6*i - i. Let v = 28 - i. Calculate the remainder when v is divided by s.
2
Let f = 3674 + -3569. What is the remainder when 3359 is divided by f?
104
Let v = -3 + 8. Let d(p) = 7*p + 14. Let h be 1/((-1)/(-8)) + -1 - 5. Calculate the remainder when d(h) is divided by v.
3
Let m = 121 - 106. Suppose m*s - 1416 = -9*s. Calculate the remainder when s is divided by 23.
13
Let a(y) = -y**2 + 10*y - 4. Let i(z) = -z**2 + 5*z - 2. Let o(v) = 4*a(v) - 7*i(v). Calculate the remainder when 330/(-4)*(-216)/180 is divided by o(-4).
21
Calculate the remainder when 7452 + 1/((-1)/(8/((-16)/(-6)))) is divided by 18.
15
Suppose 5*t - 5*h = 640, 0 = 5*t + 2*h - 0*h - 605. Let m = -57 + t. Suppose -11*r = -242 - m. Calculate the remainder when 107 is divided by r.
23
Let m(s) = s**3 + 7*s**2 - s - 18. Suppose 27 - 5 = 3*o + q, -23 = -3*o - 2*q. Calculate the remainder when ((-30)/(-8))/(o/168) is divided by m(-6).
18
Let k = 810 + -430. What is the remainder when 118/(-4)*k/(-38) is divided by 27?
25
Let c(n) = n**3 - n**2 + 2*n - 3. Let y be c(2). Suppose -y*r = -5*a + 375, a = -r + 64 + 9. Let b = 213 - 198. What is the remainder when a is divided by b?
14
Let h be 3/(198/(-12)) - (-114)/22. Let a = 33 + h. What is the remainder when a is divided by (-41)/(-2) + (-4 - (-7)/2)?
18
Suppose -3*r - 4*c + 168 = 0, 3*r + 21*c - 168 = 25*c. What is the remainder when 6550 is divided by r?
54
Suppose 4*m + 0 = 308. Let l(t) = -3783*t - 41464. What is the remainder when l(-11) is divided by m?
72
Let n = 11410 - 11148. Calculate the remainder when n is divided by 14.
10
Let o = -6310 - -6347. What is the remainder when 131 is divided by o?
20
Suppose 5*n - 2*k - 883 = 0, -3*n = n + 2*k - 692. Suppose 115*j - 2800 = -60*j. Calculate the remainder when n is divided by j.
15
Suppose -6 = 2*i, 3*z - 4*z = i - 8. Let p(n) = -10*n + 21. Let x be p(z). Let r = x + 188. Calculate the remainder when r is divided by 20.
19
Suppose -12*c + 2938 = -338. Suppose -27*s + 23*s = 3*o - c, 327 = 5*s - o. Calculate the remainder when 791 is divided by s.
65
Let f(j) = 71*j - 109. Calculate the remainder when 3582/22 + -1 - (-110)/605 is divided by f(2).
30
Let p be ((-12)/(-21))/(4/14). Let z(w) = -2*w**2 - 17 + 4*w**p - 64*w + 54*w - 3*w**2. What is the remainder when 31 is divided by z(-5)?
7
Suppose -5*y - 2*g = -528 + 6, g + 534 = 5*y. Suppose 112*n = y*n + 6822. What is the remainder when n is divided by 67?
65
Suppose -o + 105 = 4*a, o + 0*a = 2*a + 99. Let i = o + -56. Calculate the remainder when i is divided by (-9)/3*((3 - 13) + 2).
21
Let l = 3708 - 3648. Calculate the remainder when 513 is divided by l.
33
Suppose -1656*m = -1661*m + 3250. Let k = m + -631. What is the remainder when 151 is divided by k?
18
Let u = 599074 + -599028. Let m = 256 - -248. Calculate the remainder when m is divided by u.
44
Let s = 443 + -519. Let h = -45 - s. Let r = -11 + 19. What is the remainder when h is divided by r?
7
Let l = 84 - 61. Let y be (-903)/14*(-2)/(-12)*4. Let q = y + 53. What is the remainder when l is divided by q?
3
Let n be (17 + 548)*(-4)/20*-2. Suppose v - 341 = -2*v - 5*q, 2*v + 3*q = n. What is the remainder when v is divided by 9?
8
Let p(f) = -f**2 - 5*f + 4. Let z be p(-9). Let n be (z/8 - -5) + 30 + -1. Calculate the remainder when 68 is divided by (10/n*-8)/((-4)/18).
8
Let u = -31356 - -31492. Calculate the remainder when 188 is divided by u.
52
Let m = 745 + -665. What is the remainder when 313 is divided by m?
73
Suppose 4*o + 3*w = -2*w + 84, 3*o - 94 = 4*w. Calculate the remainder when 5545/75 + (64/60)/16 is divided by o.
22
Suppose -12*h + 6*h = 210. Let l = 43 + h. Let j(u) = 3*u + 6. Calculate the remainder when j(10) is divided by l.
4
Suppose -4*z + 3488 = n + 2039, 1446 = 4*z - 2*n. Calculate the remainder when z is divided by 126.
110
Let s be 291*(3 - (-40)/(-12)). Let c = -47 - s. Suppose 2*v - 8 = 0, -2*v + c = 4*w - 90. What is the remainder when 96 is divided by w?
30
Let x(s) = s**3 - 25*s**2 + 41*s + 15. Let z be x(21). Let j = 967 + z. What is the remainder when j is divided by (-1)/3 + 49/3?
15
Let t(o) = o**3 - o**2 - o + 3. Let b be t(2). Suppose b*v - 180 = -7*v. Calculate the remainder when v is divided by (-44)/(-5) - (2 + (-48)/40).
7
Let d(x) = -55*x - 2063. What is the remainder when 126 is divided by d(-38)?
18
Let s(z) = z**3 - 6*z**2 + 2*z - 9. Let g be s(7). Suppose q = 4*c - 2, -3*q - c + 34 = -3*c. Calculate the remainder when (2 + 1 - g)/(-1) is divided by q.
9
Let r(q) = -16*q**2 + 9*q**2 + 14*q**2 + 1 + 2*q. Calculate the remainder when r(-5) is divided by 13.
10
Let l = -168 + 171. Calculate the remainder when 156 - l - (14 + -7) is divided by 34.
10
Suppose 3*n - v = -16, 2*v + 36 = -4*n + 7*v. Calculate the remainder when 414 - (2 + n + -4) is divided by 47.
44
Let b(m) = 303*m - 2714. Let r(d) = d**3 + d**2 - 2*d - 1. Calculate the remainder when b(9) is divided by r(2).
6
Let z be (-130)/(-30) - (-1)/(-3). Suppose -z*r - t = -2*r - 110, 2*r - 110 = 4*t. Suppose 65 = 10*i - r. What is the remainder when 119 is divided by i?
11
Suppose g - 30 = -3*h, -248*h - 4*g = -247*h - 21. Calculate the remainder when (0 - (-2)/3)*24 is divided by h.
7
Let p(s) = 1721*s**2 + 51*s + 42. Calculate the remainder when p(-3) is divided by 9.
6
Let g = 321 + -178. Suppose -2*n + 109 = -2*j + 41, -5*n = 3*j - 186. What is the remainder when g is divided by n?
35
Let g = -6433 - -6625. What is the remainder when g is divided by 45?
12
Suppose 86 - 36 = 5*a + 3*o, -4*o = -a + 33. Suppose -18*y = -3*y - 2385. Let m = 195 - y. Calculate the remainder when m is divided by a.
10
Let p(z) be the first derivative of -13*z**4/4 - z + 2. Suppose o - 5*f = -1, 2*o + 4*f - 3 - 51 = 0. Calculate the remainder when o is divided by p(-1).
7
Let n be ((-28)/(-56))/(1/30384). Suppose 25*p = p + n. Calculate the remainder when p is divided by 13.
9
Let t = -5847 + 6590. Calculate the remainder when t is divided by 198.
149
Let k(o) = -252*o + 3098. What is the remainder when k(12) is divided by 24?
2
Let t be -2*(-2 + 4/8) + 97. Suppose -15*s = -13*s - t. What is the remainder when 198 is divided by s?
48
Let k be 12/6*(-782)/(-4). Calculate the remainder when (-3 + -5)/(-2) + k + -2 is divided by 12.
9
Suppose -2*q + 0*q 